+ 2). Let v = k + 46. Suppose -31 = -v*t + 17. Calculate the highest common factor of t and 192.
12
Let w = -1440 + 1615. Suppose 3*b + 1 = -r + 8, 4*r - 28 = -3*b. Calculate the highest common factor of r and w.
7
Let t be 18*(447/10)/((-168)/180 + 1). What is the greatest common divisor of 149 and t?
149
Let i = -2805 + 4294. Suppose -4*q + m + i = -747, -3*m + 1132 = 2*q. What is the greatest common divisor of 20 and q?
20
Let u(a) = 237*a - 2357. Let j be u(10). What is the greatest common divisor of 2379 and j?
13
Let x(c) = -41 + 7*c - 42 + 23 + 6. Let a be x(8). What is the greatest common divisor of a and 50?
2
Let f(w) = -9*w + 69. Let j be f(7). Suppose -j*s - 395 = -9*s + m, s - 150 = 4*m. Calculate the greatest common divisor of 26 and s.
26
Let h be (15 + -18)*14/(-3). Suppose 10*q = 7*q + 702. Let v be q*8/12 + -2. What is the greatest common factor of h and v?
14
Let a(f) = 78*f - 359. Let c be a(5). Let t(s) = -7*s**2 - 2*s + 2. Let x be t(-2). Let j = c + x. Calculate the highest common divisor of 45 and j.
9
Suppose 0 = 3*d + 47 + 76. Let s = 11 + -88. Let t = d - s. What is the greatest common divisor of t and 6?
6
Suppose -2603*d = -2604*d + 568. Calculate the highest common factor of 64 and d.
8
Suppose 3*g - 49 = -34. Let w(q) = g + 9*q - 11 - 13. Let f be w(6). What is the greatest common divisor of 5 and f?
5
Let t(s) = 54*s - 7517. Let i be t(144). Suppose -12 = 4*n, n - 77 - 142 = -3*u. What is the greatest common factor of i and u?
37
Suppose 0 = k - 51 - 177. Suppose 0 = -16*v + 54*v - 456. Calculate the highest common factor of k and v.
12
Let s(v) = v. Let t be s(0). Suppose t = 2*w - 6*w - y + 219, -2*w - 2*y + 102 = 0. What is the highest common factor of 56 and w?
56
Let c(u) = u**3 - 42*u**2 + 18*u + 1047. Let r be c(41). What is the greatest common divisor of r and 130?
26
Suppose 13670*s - 44 - 37 = 13523*s + 66. Let l be (0 + 2)/(4/194). Calculate the greatest common factor of s and l.
1
Let a(n) = 10*n**2 + 3*n + 40. Let h be a(0). Calculate the greatest common divisor of 22 and h.
2
Let x be (-51)/((-1377)/66)*198. Let c be (-66)/9*-6*1. What is the highest common factor of c and x?
44
Suppose 3*n = -70*n - n + 3256. Calculate the highest common divisor of 4840 and n.
44
Let c(i) = i**2 + 3*i - 83. Let l be c(20). What is the highest common factor of 203 and l?
29
Let c be 2/((-6)/9) + 7. Let a = 28 - 36. Let l be (46 - 1) + (a - -3). What is the greatest common divisor of l and c?
4
Let a(d) = -d**3 - 20*d**2 - 73*d + 209. Let k be a(-14). Calculate the highest common divisor of k and 145.
5
Suppose -7*f + 78 = 29, p - 2*f - 3451 = 0. Calculate the greatest common factor of 9 and p.
9
Let h = 4 - -1. Suppose -3*z + u + 213 = 0, 8 = -h*u - 7. Let w(c) = c**3 + 8*c**2 - 15*c + 70. Let f be w(-10). What is the greatest common divisor of f and z?
10
Suppose 476*p = 236*p + 249*p - 630. Let f be 210 - (-1 - 3/(-3)). Calculate the highest common factor of p and f.
70
Let u(c) = 1196*c - 7173. Let q be u(6). Let d be 13 - (-2 + 1 - -3). What is the highest common factor of d and q?
1
Let s(p) = -800*p**3 - 2*p**2 + 5*p + 6. Let c be s(-1). What is the greatest common factor of c and 141?
47
Let q(d) = 2*d**2 + 87*d + 628. Let u be q(-43). What is the highest common factor of u and 4875?
195
Let y = 981 + -969. Let v be 42/(-2 + -1)*690/(-35). What is the greatest common divisor of y and v?
12
Let s(l) = 12*l - 320 + 328 + 4*l**2 + 0*l**2. Let a be s(-5). What is the highest common divisor of 208 and a?
16
Suppose -4*p + 11 = 3. Suppose -r = -5 + p. Suppose -u + 313 = 2*t, 2*t - 2*u - 283 = r*u. What is the greatest common factor of 22 and t?
22
Let g be 102/5*(-20)/(-6). Let i = -1098 - -1170. Let v = i - g. What is the greatest common divisor of v and 4?
4
Suppose 6 = 2*m, -r - 43 = -2*r + 3*m. Suppose -23*i = -10*i - r. What is the greatest common divisor of i and 76?
4
Let k be (23862/(-873))/((-1)/24). What is the highest common factor of k and 112?
16
Let f = 28858 - 28714. Let w be 7/2 + (-1)/(-2). Suppose -n - w*n = -180. What is the highest common factor of f and n?
36
Suppose 0 = 5*r + 3*n - 384, -3*n = -3*r + 5*r - 159. Let c = 81 - r. What is the greatest common factor of c and 15?
3
Let f = 148 - 129. Suppose -f*g = -96 - 56. What is the highest common factor of g and 64?
8
Suppose 2*b - 5 = 5. Let d(k) = -584563*k**3 - 7*k + 1 + 5*k**2 + 584562*k**3 + 9*k. Let g be d(b). Calculate the highest common factor of 66 and g.
11
Suppose r - 3*r + 5*k + 1662 = 0, 0 = -5*r + 3*k + 4098. What is the highest common divisor of r and 96?
48
Suppose -19 = -3*i + h - 18, 0 = -3*h + 15. Suppose -184 = -3*z + 5*j, 3*z - 200 + 22 = i*j. What is the highest common factor of 348 and z?
58
Let g(j) = 3*j + 5*j**2 - 4*j**2 + 70 - 2*j + 13*j. Let u be g(-13). What is the greatest common factor of 456 and u?
57
Let i be 5 - 3 - (2/(-2) + -173). Suppose 33*k + i = 41*k. Calculate the greatest common factor of 154 and k.
22
Let q be (-10 + 4 + 5471)/1. What is the greatest common divisor of q and 10?
5
Suppose -a - 3*a + 236 = x, -16 = 4*x. Let v(f) = 52*f + 1865. Let p be v(-35). What is the highest common divisor of a and p?
15
Suppose -5*z - z = -66. Suppose -3*w = -z + 2. Suppose -w*q = 3*q - 90. Calculate the highest common divisor of q and 15.
15
Suppose -2*y - y + 864 = 0. Let j(t) = t**3 + 10*t**2 + 24*t + 2. Let k be j(-6). Suppose -y = -k*s - 7*s. What is the greatest common factor of 80 and s?
16
Let g = -749 - -1324. What is the highest common factor of g and 2070?
115
Suppose -4*o - 13 = -9, 0 = -y - o + 191. Calculate the highest common divisor of y and 1024.
64
Let p(f) = -f**2 - 24*f - 15. Let m be p(-29). Let b = m - -161. Calculate the highest common divisor of b and 17.
1
Let n = 1417 + -1102. Let k(x) = -x**3 - 5*x**2 - 7*x - 8. Let i be k(-6). What is the highest common divisor of i and n?
35
Let r = -6825 + 7293. Calculate the highest common factor of r and 90.
18
Suppose -2*s - 3*x + 6361 + 4153 = 0, -3*s + x + 15771 = 0. Let m = 3352 - s. Let q be m/(-35) - 3/7. Calculate the highest common divisor of 6 and q.
6
Suppose 2*t - 7*t = 820. Let z = 176 + t. What is the greatest common factor of z and 492?
12
Suppose 3*o + 6 = -5*r, -2*o + r + 8 = -1. Suppose -o*k - 95 = -4*s + 2, 94 = 4*s - 2*k. Calculate the highest common factor of s and 154.
22
Let t(w) = -w**2 + 15*w + 34. Let k be t(17). Suppose 0 = 2*x - m - 0 - 43, k = -5*x + 5*m + 120. What is the greatest common divisor of 361 and x?
19
Let y = -1167 + 2271. Suppose 3*k - 84 = y. Calculate the greatest common divisor of k and 44.
44
Let d(k) = k**3 - 18*k**2 + 89*k + 15. Let g be d(9). Suppose 2*h = 3*h - 1479. Calculate the highest common factor of h and g.
87
Let m(p) = -p**2 + p + 2. Let b be m(0). Suppose 2*l = -b*w + 2, -4*w + 3*l = 6*l - 6. What is the greatest common factor of w and 75?
3
Let p = 3453 - 3219. What is the highest common factor of 832 and p?
26
Let m(j) = -j**3 + 9*j**2 - 4*j - 26. Let i be m(8). Let z be (329 + 1)*(136/(-24) + i). Calculate the highest common divisor of z and 10.
10
Let g = 1011 - 384. Let q = g - 367. Calculate the greatest common factor of q and 52.
52
Let u(x) = 9*x**2 + 12*x - 14. Suppose 10*h = -2*h - 72. Let l be u(h). Calculate the highest common factor of 34 and l.
34
Let s be (-214445)/(-275) - 2/(-10). Let g = s + -735. What is the highest common factor of 435 and g?
15
Let q be (-8)/28 + (-12)/(-42). Suppose q = 8*f - 501 - 99. What is the highest common factor of f and 165?
15
Suppose 5*p = 3*l + 856, 2*l + 362 = 4*p - 322. Let i = 18 + 2. What is the greatest common divisor of p and i?
10
Suppose 69*q = 73*q - 68. Suppose 2*h = -5*w - 91, 3*h = 7*h + 2*w + 174. Let f = h - -60. What is the greatest common divisor of f and q?
17
Let b(g) be the third derivative of 3*g**4/4 + g**3/6 - g**2. Let h be b(1). Suppose 12331 = 317170*y - 317111*y. What is the highest common divisor of h and y?
19
Let i be 30/14 - (60/(-42))/(-10). Suppose 5*f = i*p - 1074, -8*p = -3*p - 5*f - 2670. What is the greatest common divisor of p and 28?
28
Let w = -43 + 43. Suppose w = -6*y - 0 + 12. Suppose -y*c = -2*s + c + 19, -3*s - 4 = 2*c. Calculate the highest common factor of s and 2.
2
Suppose -2*q - 5*p + 185 